List the prime factors of (-10)/(-15) + 32/o.
2, 3
Suppose 8 = 3*j + 26. What are the prime factors of 11 - (-2 + (-3 - j))?
2, 5
Suppose 5*w + 73 = 3*k, 4*k - 3*w + 57 = 7*k. Suppose -4*c + 0*c + a + 19 = 0, -a - 14 = -3*c. Suppose -k = -c*i + 54. What are the prime factors of i?
3, 5
Let h = -15 - -28. List the prime factors of h.
13
Let m(g) be the first derivative of -g**5/60 - 3*g**4/8 + 2*g**3/3 - g**2 - 2. Let j(w) be the second derivative of m(w). What are the prime factors of j(-9)?
2
What are the prime factors of ((-510)/25)/(2/(-15)) + 1?
2, 7, 11
What are the prime factors of 15*((-16)/(-10) - 1)?
3
Suppose 90 = 3*q - 858. What are the prime factors of q?
2, 79
What are the prime factors of 117/(-6)*2/(-3)?
13
Let l(p) = p**2 + 15*p + 13. Let u be l(-13). List the prime factors of (1 - u) + (-1)/1.
13
Suppose 4*o = -o. Suppose -2*g = 2 - o. What are the prime factors of 3/(-3) + (-7)/g?
2, 3
Let b(c) = -c**3 + 5*c**2 - 6*c + 2. Let g be b(4). Let r = -8 + 6. Let j = r - g. What are the prime factors of j?
2
Let q be -3*(12/9 - 2). Let n be (-4)/(-8)*0/q. Suppose u + 4 = 0, n = 3*v - 4*u - 0*u - 22. What are the prime factors of v?
2
Let b(h) = 8*h**3 - h**2 + 2*h - 2. Suppose 2 = -5*d + 7. What are the prime factors of b(d)?
7
Let c(a) = -a**2 + 6*a + 10. Let z(h) = h + 2. Let l be z(5). Let s be c(l). Suppose 0 = 5*k + 3*u - 54, 0*k + 30 = 2*k - s*u. List the prime factors of k.
2, 3
Let m(q) = -q**3 + 6*q**2 + 2*q - 5. What are the prime factors of m(4)?
5, 7
Suppose 0 = 3*d - o + 10 - 235, -2*d = -3*o - 157. List the prime factors of d.
2, 37
Suppose -5*u + 267 - 17 = 0. List the prime factors of u.
2, 5
Suppose -295 = -3*s - 2*a, 585 = 4*s - 2*a + 173. What are the prime factors of s?
101
Let z = 13 - 10. Let w(m) = 12*m + 5. List the prime factors of w(z).
41
Let j(r) = -r**3 + 7*r**2 - r + 4. Let o be j(7). Let c = o - -6. Suppose m = -2*m + c*t + 57, 2*m = 5*t + 38. List the prime factors of m.
19
List the prime factors of 26 - 1*(5 + -2).
23
Let o(n) = 3*n**3 + n**2 - n + 17. Let j(m) = -m**3 + m + 1. Let p(b) = 2*j(b) + o(b). Let i = -2 + 2. What are the prime factors of p(i)?
19
Let a be ((-16)/12)/(1/(-3)). Suppose -5*i = a*d - 77, 7 + 13 = 2*i - 2*d. List the prime factors of i.
13
Let f = 33 + -6. What are the prime factors of f?
3
List the prime factors of 2 - 0 - (-34 - 2).
2, 19
Suppose 0 = -4*m + 10*m - 42. What are the prime factors of m?
7
Suppose -2*x - 3*n - 2*n = 25, 27 = -3*x - 4*n. Let f = -12 - -6. What are the prime factors of ((-4)/f)/(x/(-90))?
2, 3
List the prime factors of (-888)/(-18) - 3/9.
7
Suppose -3*t + 278 = -3*u - 100, -4*t - 3*u = -525. List the prime factors of t.
3, 43
Let q(b) = b**3 + 9*b**2 - 13*b - 9. What are the prime factors of q(-10)?
3, 7
Let o be 6*(12/8)/3. Suppose p + o*p = 56. What are the prime factors of p?
2, 7
Let a be 3 - -2 - (-6 + 3). Let o(d) = -d**2 + 10*d - 8. What are the prime factors of o(a)?
2
Suppose -5 = -7*m + 2*m. Let k be 3/(-3*m)*-4. Let b = k + 5. List the prime factors of b.
3
Suppose 4*n - 10 = 4*s - s, -2*s - 8 = -3*n. List the prime factors of s.
2
Let n(y) = y**3 + 5*y**2 + y + 7. Let u be n(-5). Suppose -2*p = -4 - 20. Suppose -u*k + p = -f, -4*k + 52 = 5*f - 0. List the prime factors of k.
2
Let v(l) = 10*l**3 + 3*l**2 - 2*l. List the prime factors of v(1).
11
Suppose 3*q + 5 = 2*q. Let n(a) = a**2 + 2*a - 3. Let v be n(q). Suppose -2*u - g + 16 = 0, 5*g + 18 = u - v. List the prime factors of u.
2, 5
Let c = -60 - -86. What are the prime factors of c?
2, 13
Let h be ((-4)/6)/((-4)/102). Let a = 20 + h. List the prime factors of a.
37
Suppose 2*f + 24 = 62. Suppose -3*n + 8*n = -2*x + f, -2*n - x = -7. What are the prime factors of n?
5
Let r be (-1)/(1/(-10))*10. Suppose 5*l - 6*t = -t + r, 0 = t + 5. Suppose 0 = -3*u, -6*g + 3*g = 2*u - l. What are the prime factors of g?
5
Let w(x) = -x - 1. Let p be w(-4). Suppose -y + p*y = 12. What are the prime factors of y?
2, 3
Let i(z) = z**3 - 4*z**2 - 5*z + 2. Let x be i(5). Suppose -m = x*m - 12. What are the prime factors of 0*(-2)/(-4) + m?
2
Let u(m) = 4*m - 1. Let g be u(1). Suppose 2*o = 1 + g. What are the prime factors of (-4)/(24/(-15))*o?
5
What are the prime factors of 48/20*(-20)/(-6)?
2
Let d be (-4 - (-3 + 1)) + 4. Suppose d*s + 0*s - 34 = 0. List the prime factors of s.
17
Suppose -6*z = -z - 60. Suppose 0 = -6*q + q + 3*c + 82, -z = -q + 5*c. What are the prime factors of q?
17
Let f(c) = -c**3 + 4*c**2 + 4. Let r be f(4). What are the prime factors of -2*(0 + (-34)/r)?
17
Let p = -4 + 1. Let i be 2/9*p*-3. Suppose 4*t = a + 2*a + 29, -i*a - 38 = -5*t. What are the prime factors of t?
2
Let v(i) = 5*i**2 + 2*i - 2. Let u be v(2). Let o = u - -1. List the prime factors of o.
23
Let s(r) = r**3 - 7*r**2 - 8*r - 7. Let q be s(8). Let c = -2 - q. List the prime factors of c.
5
Let s(y) = -y**3 + 8*y**2 - 11*y + 7. Let v be s(7). Let c = 15 - v. List the prime factors of c.
2, 3
Let l(w) be the second derivative of -w**3/3 + w**2 - 3*w. List the prime factors of l(-4).
2, 5
Let x = -184 - -262. What are the prime factors of x?
2, 3, 13
Let s(x) = -5*x**3 - 2*x**2 - 2*x - 1. Let b be s(-1). Let n(l) = 5*l + 4. List the prime factors of n(b).
2, 3
What are the prime factors of (-230)/(-4) + (-8)/16?
3, 19
Suppose -l + 2*z + 304 = 0, 4*l + z = l + 905. List the prime factors of l.
2, 151
Let q = 7 - 4. List the prime factors of 7*q*4/12.
7
Let i(k) = k**3 + 9*k**2 - 11. What are the prime factors of i(-8)?
53
Suppose 0 = x - 3*v - 24, v - 40 = -2*x - v. List the prime factors of x.
3, 7
Let j = 2 + -1. Let c(z) = -27*z**2 - z + 1. Let p be c(j). Let k = -19 - p. List the prime factors of k.
2
Let f(h) be the first derivative of 20*h**3/3 + h**2 + h + 1. Let k = 62 + -63. List the prime factors of f(k).
19
Let j(a) = -3*a. Suppose 5*d = -2*u - 2*u - 29, -u + 3*d - 3 = 0. Let h be 10/u - (-4)/(-12). What are the prime factors of j(h)?
2, 3
List the prime factors of 8 + (-2 - -4 - 2).
2
Suppose -2*n + 5*h + 37 = 0, 2*h = 8 + 2. List the prime factors of n.
31
Let w(n) = -7*n + 66. List the prime factors of w(7).
17
Let w(o) = -10*o + 2*o + 2 - 10 - o**2. Let m be w(-6). Let f = m - -6. List the prime factors of f.
2, 5
Suppose -4 = -t - t. Suppose 2*n = -3*j + 49, 0 = -t*n - 2 - 0. List the prime factors of j.
17
Let j be 24/(-14)*42/(-12). Let u be (32/6)/(j/(-18)). What are the prime factors of u/6*(-15)/2?
2, 5
Let a(h) = 3 - 2 + 3 + 2*h. List the prime factors of a(8).
2, 5
Let t(m) = -9*m**3 + 2*m**2 - 1. Let v(q) = -q**2 + 9*q + 5. Let x be v(9). Suppose -9 = 4*u - x*i, -u + 2 = 4*i - 1. What are the prime factors of t(u)?
2, 5
Let c be 4/10 + (-1734)/(-15). What are the prime factors of (c/(-12))/(-1)*3?
29
Let d be (6/(-21))/((-1)/7). Let m = 6 + -5. Let j = m + d. List the prime factors of j.
3
Let j(f) be the second derivative of f**5/10 - f**4/12 - f**2 - 3*f. What are the prime factors of j(2)?
2, 5
Let g(w) be the third derivative of w**5/60 - w**4/3 - 2*w**3/3 - 6*w**2. What are the prime factors of g(11)?
29
Suppose -5*r = -5*l + 110, -l - 4*r = -3*l + 44. What are the prime factors of l?
2, 11
Suppose 8 = -5*r + 3, 3*o + r - 170 = 0. What are the prime factors of o?
3, 19
List the prime factors of (-4)/26 - (-2712)/52.
2, 13
Let g(h) = -h + 15. What are the prime factors of g(7)?
2
Let q(j) = -2*j - 7. Let i be (-1)/((-1)/(-20)*-2). Suppose x = -2*o - 2*o - 21, 3*o - 5*x = -i. What are the prime factors of q(o)?
3
Let f = 115 + -73. Suppose 0 = -5*y + 3*y + 4, 0 = 2*x + 2*y - f. What are the prime factors of x?
19
Suppose 166*f - 453 = 163*f. List the prime factors of f.
151
Suppose 5*z = 6*z - 54. List the prime factors of z.
2, 3
Suppose -22*t + 18*t + 144 = 0. List the prime factors of t.
2, 3
Let g(m) = 7*m + 4. Let w be g(5). Let s = -25 + w. Suppose 0 = -2*f - 4*p + s, -4*f + 3*p + 0*p + 6 = 0. List the prime factors of f.
3
Let l be 1*4/8*-2. What are the prime factors of (-7 + l)*7/(-4)?
2, 7
Suppose -1 = -3*t + 137. List the prime factors of t.
2, 23
Suppose 0 = 5*o - 3*r - 1899, -2*r = -4*o + 1498 + 20. List the prime factors of o.
2, 3, 7
Suppose -4*l = 5*l - 27. List the prime factors of l.
3
Let o = 6 - -15. Suppose 82 = -19*i + o*i. List the prime factors of i.
41
Le